{"id":2051,"date":"2014-10-23T12:28:24","date_gmt":"2014-10-23T12:28:24","guid":{"rendered":"http:\/\/www.zorpack.com\/?page_id=2051"},"modified":"2021-10-22T18:17:57","modified_gmt":"2021-10-22T16:17:57","slug":"disenadas-y-construidas-a-medida-por-nosotros","status":"publish","type":"page","link":"https:\/\/www.zorpack.com\/index.php\/disenadas-y-construidas-a-medida-por-nosotros\/","title":{"rendered":"Dise\u00f1adas y construidas a medida por nosotros"},"content":{"rendered":"\n<div class=\"wp-block-columns\">\n<div class=\"wp-block-column\">\n<p><span class=\"dropcap2\">C<\/span>ada m\u00e1quina es dise\u00f1ada y construida seg\u00fan las necesidades propias de cada cliente. Realizamos un minucioso estudio en cada proyecto que afrontamos, construyendo el equipo espec\u00edfico que requiera cada caso particular.<br>Todos nuestros fabricados tienen alguna variante propia del cliente, producto, formatos, producciones, caracter\u00edsticas t\u00e9cnicas, materiales que se diferencian entre s\u00ed. Por exigencias de nuestros clientes no fabricamos series de m\u00e1quinas.<\/p>\n\n\n\n<blockquote class=\"wp-block-quote\"><p>Dise\u00f1amos y construimos en nuestras instalaciones.<\/p><\/blockquote>\n\n\n\n<p>El proceso de fabricaci\u00f3n comienza en la Oficina T\u00e9cnica. Nuestro equipo prepara el dise\u00f1o 3D de las m\u00e1quinas. Una vez se disponga de los planos de fabricaci\u00f3n, el resto de departamentos: producci\u00f3n, compras, mecanizado, soldadura, pintura, montaje y puesta en marcha se ponen en funcionamiento.<br>Construimos completamente en nuestras instalaciones. Esto nos permite ser flexibles a la hora de hacer reformas, modificar elementos de las m\u00e1quinas o incluir otras opciones no estipuladas (nuevas bandejas, otro tipo de embalaje, otros formatos no previstos\u2026)<br>Zorpack es muy din\u00e1mico y vers\u00e1til implementando cualquier cambio que se proponga tras la puesta en marcha del equipo en casa del cliente. Somos capaces de redise\u00f1ar un equipo y construir el conjunto necesario de manera r\u00e1pida y funcional, con el fin de solventar las nuevas exigencias que nuestros clientes reciban de sus clientes.<\/p>\n<\/div>\n\n\n\n<div class=\"wp-block-column\">\n<figure class=\"wp-block-image size-large\"><img loading=\"lazy\" width=\"499\" height=\"438\" src=\"https:\/\/www.zorpack.com\/wp-content\/uploads\/2020\/09\/DISENADAS-Y-CONSTRUIDAS-A-MEDIDAD-POR-NOSOTROS-OFICINA-TECNICA.jpg\" alt=\"dise\u00f1os y construccion propios\" class=\"wp-image-113\" srcset=\"https:\/\/www.zorpack.com\/wp-content\/uploads\/2020\/09\/DISENADAS-Y-CONSTRUIDAS-A-MEDIDAD-POR-NOSOTROS-OFICINA-TECNICA.jpg 499w, https:\/\/www.zorpack.com\/wp-content\/uploads\/2020\/09\/DISENADAS-Y-CONSTRUIDAS-A-MEDIDAD-POR-NOSOTROS-OFICINA-TECNICA-300x263.jpg 300w\" sizes=\"(max-width: 499px) 100vw, 499px\" \/><\/figure>\n<\/div>\n<\/div>\n","protected":false},"excerpt":{"rendered":"<p>ada m\u00e1quina es dise\u00f1ada y construida seg\u00fan las necesidades propias de cada cliente. Realizamos un minucioso estudio en cada proyecto que afrontamos, construyendo el equipo espec\u00edfico que requiera cada caso particular.Todos nuestros fabricados tienen alguna variante propia del cliente, producto, formatos, producciones, caracter\u00edsticas t\u00e9cnicas, materiales que se diferencian entre s\u00ed. Por exigencias de nuestros clientes &hellip;<\/p>\n<p class=\"read-more\"> <a class=\"\" href=\"https:\/\/www.zorpack.com\/index.php\/disenadas-y-construidas-a-medida-por-nosotros\/\"> <span class=\"screen-reader-text\">Dise\u00f1adas y construidas a medida por nosotros<\/span> Leer m\u00e1s &raquo;<\/a><\/p>\n","protected":false},"author":4327,"featured_media":0,"parent":0,"menu_order":0,"comment_status":"closed","ping_status":"closed","template":"","meta":{"site-sidebar-layout":"default","site-content-layout":"default","ast-main-header-display":"","ast-hfb-above-header-display":"","ast-hfb-below-header-display":"","ast-hfb-mobile-header-display":"","site-post-title":"","ast-breadcrumbs-content":"","ast-featured-img":"","footer-sml-layout":"","theme-transparent-header-meta":"default","adv-header-id-meta":"","stick-header-meta":"","header-above-stick-meta":"","header-main-stick-meta":"","header-below-stick-meta":""},"_links":{"self":[{"href":"https:\/\/www.zorpack.com\/index.php\/wp-json\/wp\/v2\/pages\/2051"}],"collection":[{"href":"https:\/\/www.zorpack.com\/index.php\/wp-json\/wp\/v2\/pages"}],"about":[{"href":"https:\/\/www.zorpack.com\/index.php\/wp-json\/wp\/v2\/types\/page"}],"author":[{"embeddable":true,"href":"https:\/\/www.zorpack.com\/index.php\/wp-json\/wp\/v2\/users\/4327"}],"replies":[{"embeddable":true,"href":"https:\/\/www.zorpack.com\/index.php\/wp-json\/wp\/v2\/comments?post=2051"}],"version-history":[{"count":1,"href":"https:\/\/www.zorpack.com\/index.php\/wp-json\/wp\/v2\/pages\/2051\/revisions"}],"predecessor-version":[{"id":6483,"href":"https:\/\/www.zorpack.com\/index.php\/wp-json\/wp\/v2\/pages\/2051\/revisions\/6483"}],"wp:attachment":[{"href":"https:\/\/www.zorpack.com\/index.php\/wp-json\/wp\/v2\/media?parent=2051"}],"curies":[{"name":"wp","href":"https:\/\/api.w.org\/{rel}","templated":true}]}}